-s*n - 5*f + 31 = -2*n, -4*n + 75 = -3*f. Calculate the greatest common factor of n and 126.
18
Let q = -8 - -26. Suppose 4*k - 14 - q = 0. What is the greatest common divisor of 2 and k?
2
Let u(w) = w**3 - 6*w**2 - 4. Let o be u(7). What is the highest common divisor of 5 and o?
5
Let g(z) be the first derivative of z**3/3 - 3*z**2/2 + 4*z - 3. Let h be g(-3). Calculate the highest common factor of 55 and h.
11
Suppose 0 = -4*d - 0*d + 124. Calculate the greatest common factor of d and 31.
31
Suppose -2*s + 344 + 382 = 0. What is the highest common divisor of s and 33?
33
Let o be (4/(-6))/(4/(-60)). Calculate the greatest common factor of 30 and o.
10
Suppose 96 = 2*x + 2*x. Let f be 6/2 + (6 - 3). Let i be f/(-21) + (-132)/(-21). Calculate the highest common divisor of x and i.
6
Let h be (39/(-2))/(1/(-10)). Suppose h = 4*r - b, 4*r - 2*b = r + 150. Calculate the greatest common factor of r and 12.
12
Let n be 14/18 + -1 - 121016/(-252). Calculate the highest common factor of 60 and n.
60
Let i(y) = 5*y - 2. Let p be i(2). Calculate the highest common divisor of p and 32.
8
Suppose -5*i + 240 = -35. Let d be 22/(-4)*(-26 - -2)/6. What is the greatest common factor of i and d?
11
Let z = -84 - -184. Let f(a) = -a**3 - 5*a**2 + 5*a - 8. Let n be f(-6). Let j be 40 + (-1)/n*0. What is the greatest common factor of z and j?
20
Let w = 23 + 32. Calculate the highest common factor of 5 and w.
5
Let j = -38 - -55. Let q = j - 1. What is the greatest common factor of q and 144?
16
Let w be (-1974)/(-45) + 3/((-180)/(-8)). Calculate the greatest common factor of w and 132.
44
Let v(i) = -i**3 + 15*i**2 + 4*i - 6. Let l be v(15). Calculate the greatest common divisor of l and 18.
18
Suppose -23*i + 25 = -28*i, 47 = 4*g + i. Let r = -16 + 68. Calculate the highest common divisor of g and r.
13
Let b(i) = i**3 + i**2 - i + 228. Let t be b(0). Suppose 3*m - a + 141 + 328 = 0, 2 = 2*a. Let d = t + m. What is the greatest common factor of 9 and d?
9
Suppose 3*i - 6 = 18. Calculate the greatest common factor of i and 40.
8
Suppose 393 = 4*o + a, 2*o - 77 - 114 = 5*a. Let t = -6 - -5. Let y(d) = 15*d**2 + 2*d + 1. Let i be y(t). Calculate the highest common factor of i and o.
14
Let x = -1832 - -2575. Suppose 4*y = x - 7. What is the highest common divisor of 23 and y?
23
Suppose d = -2*y + y + 71, -4 = 4*y. What is the highest common factor of 36 and d?
36
Let x be 12 + (2 - 3)*2. Let s be (11 - 7)*2/4. Let z be 132/(-9)*(-15)/s. What is the greatest common divisor of x and z?
10
Suppose 0 = -2*i + 6 + 4. Calculate the highest common divisor of 15 and i.
5
Suppose 4 = -3*x + x. Let p be 5/x*(-36)/10. Suppose 7*k - 81 = 4*k. Calculate the highest common factor of p and k.
9
Suppose 2*t = -2*t + 24. Calculate the highest common divisor of 48 and t.
6
Let c(i) = i**3 - 4*i**2 - 5*i + 2. Let a be c(5). Suppose a*v - 8 - 32 = 0. Calculate the highest common factor of 8 and v.
4
Let p(c) = 32*c**2 - 3*c + 3. Let v be p(-3). Suppose -3*g = g - v. Calculate the greatest common factor of g and 15.
15
Suppose -d - 5 = 0, -30 = -r - 2*r + 3*d. Suppose -2*w - 168 = -r*w. Suppose -2*c + w = 2*c. What is the highest common divisor of 112 and c?
14
Suppose -4*g + 854 = -1842. Suppose -2*k = -4*b - 3*k - 17, 5*k = 3*b + 7. Let h be 2/(-4) - g/b. What is the greatest common factor of 21 and h?
21
Let l be -3*(0 + (-3)/(-9)). Let y be ((-2)/4)/(l/34). Suppose -48 - 18 = -4*r + 2*s, 0 = -2*s + 2. What is the greatest common factor of y and r?
17
Suppose -3*a + 1238 = 479. What is the highest common divisor of a and 11?
11
Let w = 2 - -1. Suppose 2*p + 2*p = s + 26, -w*p - 2*s = -25. Calculate the greatest common divisor of p and 77.
7
Suppose -4*f + x = 1, 4 = -6*f + f + 4*x. Suppose f = -5*n + 626 - 66. Suppose n - 4 = 4*i. What is the greatest common divisor of 9 and i?
9
Suppose 0*i + 62 = 4*p - 2*i, 0 = 2*p + 2*i - 22. Let f(j) = -13*j - 4. Let x be f(3). Let a = x + 99. Calculate the greatest common factor of a and p.
14
Suppose 5*o + 5*h - 300 = 0, -2*o = o - 5*h - 140. What is the highest common divisor of 11 and o?
11
Let u be 6/27 + 410/18. Calculate the highest common factor of 115 and u.
23
Suppose 3*v - 4*v + 9 = 0. Let o = -241 - -342. Let m = -11 + o. Calculate the highest common factor of v and m.
9
Let p be (90/35)/(-9) - (-58)/7. What is the highest common divisor of p and 24?
8
Suppose 3*v - 25 = -2*v. Let f = -2 + v. What is the highest common factor of f and 9?
3
Let p(f) be the first derivative of -3*f**4/4 + f**3/3 + f**2/2 + f + 3. Let w be p(-2). Suppose -i + 6*i = 15. What is the greatest common factor of i and w?
3
Let b be (-2)/5*110/(-4). Suppose f - 5*f + 88 = 0. What is the greatest common factor of b and f?
11
Suppose 0 = 4*o + 3*j - 10, 3*j + 9 = o - 1. Suppose o*n = -n + 30. Let v = n - -11. Calculate the highest common factor of v and 119.
17
Let c = 10 + 10. What is the highest common divisor of c and 220?
20
Suppose 0 = -3*i - 20 + 251. Let x(d) = d. Let y be x(1). Let c be y/(-4) - (-135)/12. What is the greatest common divisor of i and c?
11
Let f = -134 + 519. Suppose 4*a = -a + f. Suppose -g - a = -n, -n + 2*g + g + 87 = 0. Calculate the greatest common factor of n and 9.
9
Suppose -352 = -2*d - 0*d. Let c be 30/(-4)*d/(-12). Let x = -66 + c. Calculate the greatest common divisor of x and 4.
4
Let c(d) be the second derivative of -d**5/20 + 5*d**4/12 + 7*d**3/6 + d**2/2 - 7*d. Let f be c(6). Calculate the highest common factor of f and 56.
7
Let c(d) = 10*d**3 - d**2 + d - 1. Let l be c(1). Calculate the highest common factor of 1 and l.
1
Suppose -3*h - 5*x + 31 = 0, h + 4*x - 2 - 13 = 0. Suppose 3*a = h*a - 2*i - 34, -2*a = i - 27. What is the greatest common factor of a and 22?
11
Let g = 165 - 99. Calculate the greatest common divisor of 6 and g.
6
Let z(v) = -2*v. Let r be z(-5). Let i(o) = o**2 - 4*o + 5. Let a be i(4). Calculate the highest common divisor of a and r.
5
Suppose 60 = -3*u + 7*u. Let p = 19 - u. Calculate the greatest common divisor of 32 and p.
4
Let x = -162 + 365. What is the highest common divisor of 29 and x?
29
Suppose 0 = r + 3*t - 35, 3*t + 106 = 4*r - 19. What is the greatest common factor of r and 16?
16
Suppose h - 2*r = -0 + 10, 0 = 2*h - 2*r - 14. Let k be (-3)/h*(0 - 12). Suppose -3*g + g = -54. What is the highest common divisor of g and k?
9
Suppose -2*y - 3*y + 3*r + 90 = 0, -5*r = 3*y - 54. Calculate the highest common divisor of y and 18.
18
Let r(s) = -69*s - 12. Let c be r(-3). Calculate the greatest common factor of c and 78.
39
Suppose 3*a + 3*k - 2*k - 54 = 0, -2*a - 2*k + 32 = 0. Calculate the highest common divisor of 209 and a.
19
Suppose u = 2*u - 141. Let b = -97 + u. Calculate the greatest common factor of b and 4.
4
Let i = 2 - 5. Let x = 7 + i. Suppose 2*r = -3*t + 4*r + 315, -420 = -x*t - 3*r. Calculate the greatest common factor of t and 15.
15
Let d be (-15 + 0)*(-266)/57. Calculate the highest common divisor of 10 and d.
10
Suppose t + b - 3*b - 85 = 0, 5*b - 405 = -4*t. What is the highest common factor of t and 19?
19
Let q(d) = d + 8. Let v be q(0). Let i be -5*(v/(-5) - -1). Suppose i*o - 61 = 41. What is the highest common factor of 51 and o?
17
Let x be -7 - -26 - (0 - 1). What is the highest common divisor of x and 4?
4
Let p be (3 - 7)/((-2)/1). Suppose -23 = -p*s + g + 4*g, 0 = -5*s - g - 10. Let m be 18 + 0 + (s - 1). What is the highest common divisor of 24 and m?
8
Let b be (-116)/(-6) - (-4)/6. Let y be (-21)/(-2)*(-720)/(-42). What is the highest common factor of b and y?
20
Let z be (1 - (-10)/(-6))*-3. Calculate the greatest common factor of z and 6.
2
Let d be (-6*1)/3 - 0. Let h be ((-80)/15)/(d/3). Calculate the highest common divisor of 8 and h.
8
Let q be 19 + -3 + 2 + -1. Suppose -4*h + 0*h = -20. Suppose -p + q = 4*r - 2*p, h*p - 40 = -5*r. Calculate the highest common factor of 45 and r.
5
Suppose -2*q + 3*l + 5 = 0, 8*l = q + 4*l - 10. Let s be (3/3)/(q + 1). Let o be s/((-2)/110) + 0. Calculate the highest common factor of 5 and o.
5
Let r = 6 - 2. Let c = r - -5. What is the highest common divisor of 72 and c?
9
Let n be 4 + -2 - 0 - -1. Suppose -4*j + 3*p - 2 = 0, 3*j + 3*p - 5 - 4 = 0. Calculate the greatest common factor of j and n.
1
Let i(p)